vided by ((-1)/(-2))/(n/(-91))*4.
21
Suppose 228 = 2*f - w, 0 = -f + 32*w - 35*w + 93. Calculate the remainder when 323 is divided by f.
101
Calculate the remainder when ((-20)/40)/(6/(-66336)) is divided by 14.
12
Let u(y) = -7*y**2 + 12*y + 31. Let d be u(-3). Let m = 130 + d. What is the remainder when m is divided by 21?
20
Let v = -87 + 95. Suppose -21 - 3 = -v*y. Suppose -4*p + 85 = -2*p + y*m, -p + 37 = -4*m. Calculate the remainder when 158 is divided by p.
35
Suppose 33 = 18*c - 21. Suppose t + c*t = 168. What is the remainder when t is divided by 25?
17
Suppose 2*n = -0*n - 4, n = -5*t - 667. What is the remainder when ((-238)/4*228/t)/2 is divided by 29?
22
Let j(f) = 4*f**2 - 7*f - 6. Let v be j(3). Suppose 20*p - v*p - 3289 = 0. What is the remainder when p is divided by 43?
41
Let m = -2751 - -2809. What is the remainder when m is divided by 22?
14
Let b be 1*-2*(-3)/2. Suppose 5*y - 1 = p - b*p, 4*p + 3*y = 9. Suppose -4*a + 23 = p. Calculate the remainder when a is divided by 5.
0
Let f(h) = -h**3 + 6*h**2 + 6*h + 1. Suppose 3*l + 98 = 2*l. Let n = -92 - l. Calculate the remainder when f(n) is divided by 14.
9
Suppose 0*j - 2*h - 16 = 4*j, -h = 4. Calculate the remainder when 2/((-36)/3951)*j is divided by 44.
43
Let d = -1589 + 1923. Let j(q) = 71*q**2 - 2*q. What is the remainder when d is divided by j(1)?
58
Suppose 2*h = -4*d + d - 65, -3*h = -5*d + 107. Let z = h - -60. Let u = 57 - z. Calculate the remainder when 61 is divided by u.
30
Suppose -1103*b + 1107*b - 4126 = 5*u, 3141 = 3*b + 4*u. What is the remainder when b is divided by 213?
187
Let p = -35995 + 36030. What is the remainder when 1195 is divided by p?
5
Suppose 1207 - 13213 = -138*w. What is the remainder when 2087 is divided by w?
86
Let l = -18114 + 18135. Calculate the remainder when 583 is divided by l.
16
Let w be (-3 + (-35)/(-10))*14. Suppose -17*y + 1830 = -w*y. What is the remainder when y is divided by 8?
7
Suppose 195 = 3*u - 4*p - 2433, -3*u - p = -2613. Suppose 33*f = 31*f + u. Suppose -5*r - 91 = -f. Calculate the remainder when r is divided by 14.
13
Suppose 4*j + 5*m - 801 = 0, m = -2*j + j + 201. Let o(a) = 2*a**2 - 3*a + 6. What is the remainder when j is divided by o(4)?
22
Let s(v) = v**3 + 43*v**2 - 45*v - 31. What is the remainder when 181 is divided by s(-44)?
12
Let v(h) = 11*h**2 + 6*h - 5. Calculate the remainder when v(2) is divided by (13/(-2))/((-10)/4 + 2).
12
Suppose -2*q - 21 = -27. Suppose -672 = -q*b - 9*b. Calculate the remainder when b is divided by 30.
26
Suppose -202 = -6*o - 16. Let t = 59 - o. Let b = 58 - t. What is the remainder when b is divided by 11?
8
Let s = 63702 + -63523. Let i = 6 - -3. Calculate the remainder when s is divided by i.
8
Suppose -422*b - 185*b + 1948 = 127. What is the remainder when 262 is divided by b?
1
Let s(g) = -g**2 - 9*g + 15. Suppose 0*f + 2*f = 5*v - 45, 4*v + 10 = -3*f. Calculate the remainder when 49 is divided by s(f).
4
Let d(m) = 5*m**2 - 22*m - 18. Calculate the remainder when 290 is divided by d(7).
71
Calculate the remainder when (-42390)/(-50) + (-2)/(-10) is divided by 17.
15
Suppose 0 = -20*z + 25*z - 25, -2*v = -3*z - 133. What is the remainder when 154 is divided by v?
6
Let g(r) = -r**3 + 16*r**2 + 48*r - 21. Let u be g(19). Calculate the remainder when (u/15 - -1)/((-2)/10) is divided by 27.
5
Calculate the remainder when 6603 is divided by ((-48)/10)/((-6895)/(-350) - 20).
11
Let q(i) = 65*i - 1335. Suppose 0 = -3*o + d - 16, 0 = -o - 2*o - 4*d + 4. What is the remainder when (-10)/((o/17)/2) is divided by q(21)?
25
Suppose -32*q + 42*q + 2*t - 232 = 0, 3*q - 4*t = 88. What is the remainder when (2 + -84)/((-1)/7) is divided by q?
22
Suppose 5*l - 4 = 6. Suppose -24 = -l*b + 16. Suppose 5*y - 290 = 2*x, -y - y + 137 = -5*x. What is the remainder when y is divided by b?
16
Let t = -32925 - -32940. Calculate the remainder when 2591 is divided by t.
11
Let h(r) = -2*r**3 + r**2 + 1. Let i(x) = 10*x**3 - 19*x**2 + 12*x + 53. Let c(b) = 6*h(b) + i(b). Calculate the remainder when 143 is divided by c(-7).
23
Suppose -f + 955 = 4*f. Suppose -179 = -2*w - 183, 0 = 3*t + 5*w - 62. Calculate the remainder when f is divided by t.
23
Let p(g) = -g**3 - 18*g**2 + 15*g - 49. Let z be p(-20). Let c = z + -333. What is the remainder when c is divided by 38?
4
Suppose 6*z - 1149 - 357 = 0. What is the remainder when z is divided by 206?
45
Calculate the remainder when -6 + -1 - (436/(-4) + 1) is divided by 37.
27
Suppose -91*w + 95382 = -284897 + 68058. What is the remainder when w is divided by 88?
87
Calculate the remainder when ((-2)/4)/(-1 + -4 + 407052/81432) is divided by 120.
17
Let n(t) = -2*t + 2*t**2 + 7*t - 29 - 3*t + 27*t. Calculate the remainder when 91 is divided by n(-16).
15
Let v(b) = -b**2 - b + 73. Let l be v(0). Let k = -26 + l. Suppose 0 = 39*i - 918 - 18. Calculate the remainder when k is divided by i.
23
Let x be 11/((-550)/(-230)) - 4/(-10). Let j(f) = 251*f**2. Calculate the remainder when j(-1) is divided by -2*(x - 2) + (-480)/(-24).
13
Let g = 54 + -74. What is the remainder when 147 is divided by g*(-9 - 105/(-14))?
27
Suppose -137 = -128*j + 126*j + g, -j + 55 = -5*g. Calculate the remainder when 549 is divided by j.
59
Let o = 23519 + -23441. What is the remainder when 602 is divided by o?
56
Suppose 9*d - 5*d = -4*j + 768, -d + 7*j + 176 = 0. What is the remainder when d is divided by 77?
36
Suppose -3*d + 5*t = 53, -6 = 4*d + 4*t + 86. Let m = -15 - d. What is the remainder when 29 is divided by m?
5
Suppose -85*l = -462*l + 2719678. Calculate the remainder when l is divided by 164.
162
Suppose 0 = -2*n + 4 + 6. Let t(d) = -d**3 + 7*d**2 - 3*d - 7. Let h(i) = -20*i - 39. What is the remainder when h(-6) is divided by t(n)?
25
Suppose -n = 5*z - 17, -5*n + 10 = 6*z + 20. Calculate the remainder when 1013 is divided by z.
3
Let p(h) be the second derivative of 5*h**4/12 - 3*h**3/2 + 9*h**2 + 11*h. Calculate the remainder when p(4) is divided by 9.
8
Let x = 285 + -190. Suppose f + 5*t - 5 = 4*t, 49 = 5*f - 3*t. Calculate the remainder when x is divided by f.
7
Suppose 2*q = 62 + 10. Let w = 25 + q. What is the remainder when w is divided by 23?
15
Let l(t) = -3*t - 16. Let m = 1199 + -1173. Calculate the remainder when l(-22) is divided by m.
24
Suppose 6*u + 4*p + 0*p - 43304 = 0, -2*u = p - 14432. What is the remainder when u is divided by 41?
37
Suppose -5*w + 2*q + 14255 = 0, -5*w + 33*q - 32*q = -14260. What is the remainder when w is divided by 136?
133
Let q = -99 + 105. Suppose 0 = 3*f - q*f + 5*b + 40, 32 = f + 3*b. What is the remainder when 99 is divided by f?
19
Suppose 2*b = -b - 93. Let j = b + 36. Suppose -4*n = -j*n + 17. Calculate the remainder when 83 is divided by n.
15
Let b = 1649 + -1497. What is the remainder when 8054 is divided by b?
150
Let m(g) = -932*g + 184. Calculate the remainder when m(-3) is divided by 741.
16
Let r be (-14)/2 + (28 - -21). Suppose 4*s - 63*v - 84 = -64*v, -2*s - 4*v = -r. What is the remainder when 291 is divided by s?
18
Let s(n) = 23*n + 1. Calculate the remainder when (-5255)/(-20) + -12 + 2*147/24 is divided by s(1).
23
Let d = 128 + -113. Suppose d = 5*w, 0 = -5*j + w - 0*w + 167. Calculate the remainder when 169 is divided by j.
33
Suppose -1132 + 607 = -25*i. Let w(m) = -20*m**2 - m - 1. Let k be w(-1). Calculate the remainder when (-155)/2*16/k is divided by i.
20
Let f be (-32)/(-5) + 2/(-5). Calculate the remainder when 93 is divided by -4*(2 - f) - (-8 + 8).
13
Let y(u) = -44*u**2 - u + 29. Calculate the remainder when 2/9*3*126 is divided by y(0).
26
Let b(k) = 458*k**3 + k**2 + 5*k - 5. Let h = 80 + -47. Calculate the remainder when b(1) is divided by h.
30
Suppose -8*s + 3*n = -13*s + 865, 0 = 3*s + 5*n - 503. What is the remainder when 341 is divided by s?
165
Suppose -75*g = -38*g - 48*g + 825. Suppose -p - 6 = -4*i + 9*i, 60 = 5*p - 5*i. What is the remainder when g is divided by p?
3
Let s(l) = 3*l + 33. Let d be s(-11). Suppose -6*o + 20*o - 280 = d. Calculate the remainder when 30 is divided by o.
10
Let h = -6730 - -6906. Calculate the remainder when 204 is divided by h.
28
Let g = -1 - -4. Calculate the remainder when 83 is divided by 16 + g*(-4)/(-12).
15
Let g = 161592 + -16155